l + -209. What are the prime factors of 4/18 + k/(-18)?
11
Let s(h) = -2*h**3 + 4*h**2 + 4*h + 4. List the prime factors of s(-3).
2, 41
Let l = 24 - -1. Suppose 4*q - l = -q. Suppose -2*s + 38 = 2*t, 3*s - 4*t + 32 = q*s. What are the prime factors of s?
2, 11
Let j(i) = i**3 + 10*i**2 + 12*i + 4. What are the prime factors of j(-5)?
3, 23
Let p = -4 - -8. Let o be 10/4*(-8)/(-10). Suppose o*z + 5*c - 19 - 6 = 0, -p*z + 2*c + 62 = 0. List the prime factors of z.
3, 5
Suppose -2*a - a = -15. Let r(c) = -c + 1 + 0 + a*c. What are the prime factors of r(1)?
5
Let h(j) = j**2 - 4*j. Let z = 13 - 8. Let l be h(z). Let y = l - 2. What are the prime factors of y?
3
Let z(f) = -3*f**3 + 2*f**2 + f. Let t(r) = -r**3 - 1. Let b(v) = 2*t(v) - z(v). List the prime factors of b(3).
2
Suppose 3*s = 4*w + 23, 0 = 2*w - 2*s + 7 + 5. Let c(u) be the second derivative of -u**5/20 - u**4/2 - u**3 + 3*u**2/2 - u. What are the prime factors of c(w)?
2
Let s = 1 + 6. Let m(p) = s + p - 1 - 2. What are the prime factors of m(3)?
7
Suppose -2*y = -5*y + 12. Suppose -29 + 133 = y*h. What are the prime factors of h?
2, 13
Let f = -15 + 18. Suppose 5*x - 3*d = 51 + 99, 2*x + f*d - 60 = 0. List the prime factors of x.
2, 3, 5
Suppose 4*x - 42 = -3*x. Let t = 12 - x. What are the prime factors of t?
2, 3
Let w(v) = -2*v - 9. Let z be w(-8). Let q(o) = o**3 - 7*o**2 + 3*o - 4. List the prime factors of q(z).
17
Suppose 4*y + 2*z - 260 = -0*y, 5*y + 2*z - 323 = 0. List the prime factors of y.
3, 7
Let s(j) = 2*j**3 + 34*j**2 - 19*j + 16. What are the prime factors of s(-17)?
3, 113
Let h(d) = -d + 12. Let u be h(8). Suppose u*n - 20 = -4*m, -m - 25 = -6*m + 5*n. What are the prime factors of m?
5
Suppose 3*l - 5*i = 173, 0 = 5*l - 2*l + i - 149. Suppose 4*r = f - 55, -4*f - 5*r + l + 106 = 0. Suppose 7 - f = -3*s. List the prime factors of s.
2, 3
Let g(q) = -3*q**2 + 5*q - 13. Let v(t) = -t**2 + t - 1. Let s(p) = -g(p) + 4*v(p). What are the prime factors of s(0)?
3
Suppose -5*y = x - 182, -7*x + 4*x + 504 = y. What are the prime factors of x?
167
Let s(q) = 5*q - 4. Let j be s(6). What are the prime factors of j/4 + 3/(-6)?
2, 3
Let m(g) be the second derivative of 4*g**3/3 - g**2 + 2*g. What are the prime factors of m(2)?
2, 7
Suppose 12*g + 40 - 136 = 0. List the prime factors of g.
2
Let c(v) = 12*v**2 - 3*v + 1. What are the prime factors of c(-3)?
2, 59
Suppose -1 = 2*w + 2*p - 25, -2*w - 3*p = -25. What are the prime factors of w?
11
Let o = 25 - 28. Let b(w) = 3*w**2 + 2*w - 3. What are the prime factors of b(o)?
2, 3
Let n(s) = s**3 - 3*s**2 - 2. Let z be n(3). Let c be (-2)/(-4)*(10 - z). List the prime factors of (-3 - c/(-4))*-10.
3, 5
Suppose -4*o + 3*o + 7 = 0. List the prime factors of (-1 - (-1 + 2)) + o.
5
Suppose -129 - 29 = -2*q - 5*d, 4*q + d = 280. Suppose 3*r = -0*r + q. List the prime factors of r.
23
Suppose 0 = 2*j + j - 108. What are the prime factors of j?
2, 3
Suppose 5*f - 50 = -5*a, -72 + 12 = -5*f + 5*a. List the prime factors of f.
11
List the prime factors of (-3 - 4/(-2))*(-132 - -18).
2, 3, 19
Suppose 5*j + 2 = 12. Suppose -j*b - 1 = r - 0*b, -7 = -2*r - b. List the prime factors of ((-2)/r)/(4/(-120)).
2, 3
List the prime factors of (-1828)/(-20) + (-5)/((-50)/(-4)).
7, 13
Suppose -15 = 5*i, 0 = -5*a + i - 2*i + 122. What are the prime factors of a?
5
Let l(j) = -j**3 + j**2 + 4*j - 1. Let v be l(3). Let q = v - -24. List the prime factors of q.
17
Let a = 8 + -14. Let f(h) = -5*h + 7. Let t be f(a). Suppose 5*m = 3*o - t, -o + 27 = o - m. List the prime factors of o.
2, 7
Let w be (25 - (1 + 0)) + 0. Let j be 8*3*6/(-9). Let o = j + w. What are the prime factors of o?
2
Suppose 0 = n - 3. Suppose n*x = 2*x + 24. What are the prime factors of x?
2, 3
Let b(r) = 11*r - 8. List the prime factors of b(5).
47
Let q be ((-18)/5)/((-9)/60). Suppose -q = u - 3*u. What are the prime factors of u?
2, 3
Suppose r + r = -90. Let n = r - -90. Suppose -5*x + 5*l = -n, -x + 0*x + 15 = -3*l. List the prime factors of x.
2, 3
Suppose 3*s - 291 = 9. Suppose -5*r + s = 2*g, -6*r = 3*g - 4*r - 128. What are the prime factors of g?
2, 5
Let t = -5 + 5. Suppose 5*q - 145 = -t*q. Suppose -5*k = -q - 26. List the prime factors of k.
11
Let l be (1/(-2))/(1/(-12)). Suppose l*b - 50 = b. Suppose 3*u = o - u - b, -30 = -3*o + 2*u. List the prime factors of o.
2, 5
Let l = -3 - -7. What are the prime factors of 5/(-10) - (-50)/l?
2, 3
Let p(h) = -33*h - 29. List the prime factors of p(-5).
2, 17
Let c(v) = 2*v - 4. Let p be c(8). Suppose -p = -m - 2*a, 4*a = 5*m + 25 - 127. What are the prime factors of m?
2, 3
Let x(j) = 2*j + 32. Let k be x(-14). Suppose -4*i - 6 = -6*i. Suppose -i*r + k*r - 17 = 0. What are the prime factors of r?
17
Suppose -92 = -3*v + 7. Suppose -2*i + v = i. List the prime factors of (-3)/4*(-5 - i).
2, 3
Suppose 4*p + 59 + 1 = 0. What are the prime factors of (28/(-10))/(3/p)?
2, 7
Let q(f) = 2*f**2 + 3*f + 2. Let m be q(-2). Suppose -11 = m*l - 67. What are the prime factors of l?
2, 7
Let c(u) be the second derivative of -u**4/12 + u**3/6 - u**2/2 - u. Let y be c(2). Let i = y + 8. List the prime factors of i.
5
What are the prime factors of (-5 + (1 - -22))/1?
2, 3
Suppose 3*b + 3*w - 101 + 14 = 0, -159 = -5*b + 2*w. List the prime factors of b.
31
Let k(a) = -2*a**3 + 2*a**2 + 3*a + 3. Let b be k(-2). Suppose -b = t - 4*t. What are the prime factors of t?
7
Let f(b) = b**3 + 4*b**2 - b + 4. Let a be f(-4). Let p be -6*(-2 + a/6). What are the prime factors of (p/(-3))/(2/(-3))?
2
Suppose -5*o + r = -18, 5*r + 9 = 5*o - 1. List the prime factors of (-2)/o + (-30)/(-4).
7
Let i(t) = -5*t - 5. List the prime factors of i(-11).
2, 5
Let r(n) = 4*n - 2. Suppose -5*u - b + 3*b = -9, 2*b - 12 = -2*u. List the prime factors of r(u).
2, 5
Let w(j) = j**3 - 9*j**2 + j + 5. List the prime factors of w(9).
2, 7
Let h(r) = -r - 8. Let z be h(-7). Let l = -6 - z. List the prime factors of (4 - 5)*1*l.
5
Let k = 14 + -11. Suppose -81 - 12 = -k*b. List the prime factors of b.
31
Suppose r = -3*v - 3, 0 = 2*r + v - 2 - 2. Suppose r*u = -u + 36. What are the prime factors of u?
3
Suppose -30 = -2*z - 4*y - 10, -3*z = 5*y - 27. List the prime factors of z.
2
Suppose 6*y = 566 + 268. List the prime factors of y.
139
Let s(b) = 2*b**2 - 11*b - 8. Let v(i) = i**2 - 6*i - 4. Let o(w) = -3*s(w) + 7*v(w). List the prime factors of o(11).
2, 3
Let h(u) = u**3 - 20*u**2 + 41*u + 16. List the prime factors of h(18).
2, 53
Let x(f) = 5*f**2 + 20*f + 1. Let m(g) = -11*g**2 - 41*g - 1. Let b(s) = 6*m(s) + 13*x(s). List the prime factors of b(7).
2, 7
Let c(o) = 2*o**3 - 2*o**2 - 2*o + 3. Let t be c(3). Let g = -4 + 5. What are the prime factors of g/9*3*t?
11
Suppose 2*v = -3*v. Suppose v = -7*u + 9*u - 18. What are the prime factors of u?
3
Let o be 125/45 + 2/9. Suppose 41 = o*b - 124. List the prime factors of b.
5, 11
Suppose 5*i - f = f + 1060, -424 = -2*i - 2*f. List the prime factors of i.
2, 53
Suppose -2*r - 5*s + 49 = 0, -14*s + 11*s = 5*r - 113. What are the prime factors of r?
2, 11
What are the prime factors of (12 - 0/(-4)) + -2?
2, 5
Suppose -3*g - 250 = -4*q + 827, -2*g = 4*q - 1062. What are the prime factors of q?
3, 89
Suppose 0 = -5*x + 3*f + 18, -3*f = 2*f - 20. Suppose -a + x + 18 = 0. Let b = a + -13. What are the prime factors of b?
11
Let d(t) = -t**3 + 6*t**2 - 2*t + 8. Let o be d(6). What are the prime factors of 2 - 3*o - 2?
2, 3
Suppose 3*j - 6*j + 294 = 0. List the prime factors of j.
2, 7
Let v be 8/2 - 2 - 2. Let s be (-16)/(-9) - 4/(-18). Let d = s + v. What are the prime factors of d?
2
Suppose 5*q - 24 = 2*q. Suppose m - 25 = -n, 0 = n + 2*m - q - 16. List the prime factors of n.
2, 13
Let c(g) = 6*g**2 - 4*g + 2. What are the prime factors of c(-6)?
2, 11
Suppose 3*j = 3*z - 6, 3*z = -6*j + 2*j - 8. Suppose -2*w + 138 = w. Suppose -5*g - 4*p + w = -0*g, z = 4*g - 5*p - 4. List the prime factors of g.
2, 3
Let q(l) = -2*l**2 - l + 350. List the prime factors of q(0).
2, 5, 7
Let j(i) = -2*i**2 + 34*i + 10. What are the prime factors of j(14)?
2, 47
Let d = 0 + 3. Suppose 2 = -z - 3*t, d = 4*t - 1. What are the prime factors of (-102)/(-10) + 1/z?
2, 5
Let u(x) = -x + 1. Let a be u(-3). Let r = a - 3. List the prime factors of